In base 10, what is -189 + -13?
-202
In base 15, what is 1d + -57b?
-55d
In base 8, what is -47 - 7173?
-7242
In base 5, what is 3 + 21323411?
21323414
In base 8, what is -4015220 + -4?
-4015224
In base 13, what is 2c51 + -1?
2c50
In base 16, what is -3ecf8 - a?
-3ed02
In base 11, what is -22 - 9479?
-94a0
In base 8, what is -2363 - -15?
-2346
In base 2, what is -1010 - 1101101010?
-1101110100
In base 14, what is -9c - -32d3?
3235
In base 5, what is 313011 - 214?
312242
In base 3, what is -101202120011 - -22?
-101202112212
In base 2, what is 101000011010100 + -1?
101000011010011
In base 12, what is 5 - -3a16?
3a1b
In base 6, what is -10 + -2115320?
-2115330
In base 7, what is -130513 + -1?
-130514
In base 15, what is e + 113c8?
113d7
In base 15, what is 22c8c8 - -3?
22c8cb
In base 9, what is 11767 - -183?
12061
In base 9, what is 145507 - -6?
145514
In base 15, what is -1 + 1246?
1245
In base 7, what is -12 - -56222?
56210
In base 9, what is -6 + -48576?
-48583
In base 11, what is 155a654 + -3?
155a651
In base 9, what is -5 + -58831?
-58836
In base 11, what is -42 - 72347?
-72389
In base 10, what is -51236 + -23?
-51259
In base 14, what is d217 + 1?
d218
In base 8, what is 4 + -440232?
-440226
In base 4, what is -10101102111 + -3?
-10101102120
In base 10, what is 794122 - 1?
794121
In base 3, what is 100101102 + -2000?
100022102
In base 10, what is -3 + 28934?
28931
In base 10, what is 10380 + 2?
10382
In base 8, what is 26 + 5400?
5426
In base 3, what is 1220 + -122120021?
-122111101
In base 16, what is 11fb + e?
1209
In base 5, what is 3 - 300421?
-300413
In base 12, what is 2a - -352?
380
In base 7, what is 3 - 115562?
-115556
In base 3, what is 2 + -1202?
-1200
In base 13, what is -3a111 - 1?
-3a112
In base 11, what is 384a2 + -4?
38499
In base 6, what is 1432010 - -11?
1432021
In base 14, what is -5 - -58aca?
58ac5
In base 5, what is 0 + 124344433?
124344433
In base 6, what is 1102 + -5101?
-3555
In base 9, what is -7 - 28224?
-28232
In base 14, what is -18068 + 1?
-18067
In base 13, what is -1 - 6436?
-6437
In base 10, what is -91 + 2068?
1977
In base 3, what is 1000 + 1121110?
1122110
In base 13, what is 1 + -41c03?
-41c02
In base 9, what is -150285 + 4?
-150281
In base 7, what is 6 + 30244?
30253
In base 16, what is -3 + 282c?
2829
In base 2, what is 10 + -100000111011111?
-100000111011101
In base 4, what is 11000023001 + 0?
11000023001
In base 14, what is -a469 + -4?
-a46d
In base 7, what is 1102660 - 0?
1102660
In base 8, what is 4555577 + 2?
4555601
In base 8, what is -163212 - 1?
-163213
In base 11, what is 23 + 26149?
26171
In base 6, what is -104 + -5412?
-5520
In base 8, what is 2 - -25731?
25733
In base 2, what is 100001 + 110110011?
111010100
In base 8, what is 2515 - 1404?
1111
In base 3, what is -1 - -201112?
201111
In base 12, what is 9 - -3876?
3883
In base 7, what is -355 - 3305?
-3663
In base 6, what is 151302 + -1?
151301
In base 12, what is -451794 - 7?
-45179b
In base 4, what is 23 + 221122230?
221122313
In base 13, what is c81 + -51?
c30
In base 7, what is -5 + -563245?
-563253
In base 3, what is 22200100121 + 10?
22200100201
In base 4, what is -11 - 1112122123?
-1112122200
In base 3, what is -1202122212212 - -10?
-1202122212202
In base 2, what is 100101 + -101101110101?
-101101010000
In base 8, what is -117 - 4345?
-4464
In base 2, what is 1010 + -110010?
-101000
In base 7, what is -4 + 106505?
106501
In base 11, what is 2 - 376019?
-376017
In base 3, what is -10 - -1201102202?
1201102122
In base 7, what is -61062 + 1?
-61061
In base 13, what is 5 + 20861c?
208624
In base 14, what is -1265 - -46?
-121d
In base 5, what is -1 + -410111?
-410112
In base 3, what is -100112 - 12220?
-120102
In base 2, what is 1111 - 1001100011111111?
-1001100011110000
In base 14, what is 4 + 14cba?
14cc0
In base 9, what is -1151264 - -3?
-1151261
In base 6, what is 25 + -3103354?
-3103325
In base 12, what is -3 + -1395?
-1398
In base 9, what is -17621 - 15?
-17636
In base 13, what is -b53c - -1?
-b53b
In base 16, what is -1adf7 + -5?
-1adfc
In base 10, what is 12821 - 7?
12814
In base 9, what is -66685 + 2?
-66683
In base 14, what is 4 - -1b8068?
1b806c
In base 6, what is 3002 - 4?
2554
In base 10, what is 130499 + -5?
130494
In base 15, what is 27 + 749?
771
In base 11, what is 10 + -5917?
-5907
In base 12, what is -33 - 4099?
-4110
In base 5, what is -30204 + -3030?
-33234
In base 9, what is -1 + 2626?
2625
In base 2, what is -10 + 1110110010101?
1110110010011
In base 10, what is -126 - -3287?
3161
In base 10, what is 1 - -23349?
23350
In base 12, what is 1a71 - -78?
1b29
In base 13, what is 1 + 67181?
67182
In base 7, what is 201 - -3032?
3233
In base 14, what is 1 - 5dcc?
-5dcb
In base 13, what is -4 + -19c4?
-19c8
In base 6, what is -402210 + -3?
-402213
In base 5, what is 30434324 + 1?
30434330
In base 6, what is 55503324 + -1?
55503323
In base 4, what is 2 + 310012120?
310012122
In base 9, what is -5 - 10326?
-10332
In base 4, what is 202 - -3223312?
3230120
In base 12, what is 1 + -7b48?
-7b47
In base 5, what is 23102 - 332?
22220
In base 11, what is -870 + 10?
-860
In base 15, what is -5348 - -e?
-5339
In base 6, what is 30 - -212100?
212130
In base 11, what is 7 - -361528?
361534
In base 12, what is -3a + -2b0?
-32a
In base 8, what is -20 - 135133?
-135153
In base 10, what is -519908 - -2?
-519906
In base 3, what is 1 - -200021111011?
200021111012
In base 9, what is -272 + 30?
-242
In base 16, what is -7e8 + -4?
-7ec
In base 12, what is -3332 + 41?
-32b1
In base 12, what is 2 - 172a?
-1728
In base 13, what is 3639 - -3?
363c
In base 11, what is 5 - -687a?
6884
In base 7, what is 4 - 246260?
-246253
In base 11, what is 9a50 + 4?
9a54
In base 15, what is -2a - -23c2?
2397
In base 8, what is 4 - 24460?
-24454
In base 8, what is -1 + -121567?
-121570
In base 11, what is -9329 - -52?
-9287
In base 3, what is 10020111201 - 121?
10020111010
In base 16, what is -cbb - -8f?
-c2c
In base 16, what is 4 + 313d?
3141
In base 4, what is 2302212 - 1031?
2301121
In base 7, what is 213344 - 5?
213336
In base 8, what is 172 - 627?
-435
In base 15, what is -114b + 9a?
-10a1
In base 10, what is -18108 + 43?
-18065
In base 5, what is -431301 - 301?
-432102
In base 11, what is -1 + -1065?
-1066
In base 10, what is -3739 - -8?
-3731
In base 4, what is 2130320200 + 13?
2130320213
In base 2, what is -1001010 + -100110111111?
-101000001001
In base 9, what is 3 + 5786?
5800
In base 12, what is 4 + -6964?
-6960
In base 15, what is -c - -1a606?
1a5e9
In base 5, what is 1432312 - -20?
1432332
In base 4, what is -20 - 123223010?
-123223030
In base 8, what is 2 - 11060?
-11056
In base 11, what is 3 - -54a7?
54aa
In base 10, what is 744 + -5?
739
In base 8, what is 51177 + 12?
51211
In base 7, what is 54661 + 0?
54661
In base 2, what is -110011100100001110 - -1?
-110011100100001101
In base 11, what is -1 + 62563?
62562
In base 15, what is -e - 2775?
-2784
In base 12, what is -1411 + 4b?
-1382
In base 12, what is -2 + 98b6?
98b4
In base 11, what is 5 - -2689?
2693
In base 12, what is 7 + -36325?
-3631a
In base 2, what is 11 + -1010010110110100100?
-1010010110110100001
In base 13, what is -1b8 + 5a?
-15b
In base 2, what is -1110101000010 + 10?
-1110101000000
In base 14, what is -2b + -b20d?
-b23a
In base 16, what is 952 - -21?
973
In base 14, what is -272 - -a?
-266
In base 7, what is 246 - 122?
124
In base 6, what is 3313 - -3524?
11241
In base 3, what is -1 + 212022022?
212022021
In base 5, what is 1220 - 4344?
-3124
In base 3, what is 10021201211 + -12?
10021201122
In base 6, what is -1400 + 102?
-1254
In base 8, what is 431 - 337?
72
In base 7, what is -44064 - -43?
-44021
In base 4, what is -11 - 32131110?
-32131121
In base 16, what is 4 + -dc9e?
-dc9a
In base 4, what is -3320 - -3230?
-30
In base 4, what is -10 - 100110312?
-100110322
In base 4, what is -1133033331 - 11?
-1133100002
In base 10, what is 6 - 150849?
-150843
In base 14, what is -2b9b + -220?
-2dbb
In base 12, what is -9 - a108?
-a115
In base 9, what is 556 - -136?
703
In base 12, what is 437a + 32?
43b0
In base 13, what is -1 - -acbb?
acba
In base 10, what is 42735 - -5?
42740
In base 4, what is -103302 - 131?
-110033
In base 4, what is 112211021 + -22?
112210333
In base 13, what is 100a